8)/((-10)/(-15)*d) prime?
True
Let w be 3 + (-1 - (7 - 2)) + 3. Suppose -x + 5*l + 22 = 0, 0 = x - w*x - 3*l - 14. Suppose x*y - 2838 = 1948. Is y a composite number?
False
Suppose -4*u - 222389 - 7547 = 0. Is 7/28 + u/(-16) a composite number?
False
Let k = 393030 - 263597. Is k a prime number?
False
Let x(z) be the third derivative of 52*z**5/3 + z**4/3 + 11*z**3/6 + 22*z**2 + 1. Is x(-1) a prime number?
False
Let p = -351 + 344. Is -2*(p + (-5516)/8) composite?
True
Let f(v) = -v**2 - 6*v + 31. Let z be f(-9). Suppose 5*m - m = -5*r + 5119, -z = -4*m. Let n = r + -390. Is n prime?
False
Let t(v) = -137*v**3 - 38*v**2 - 36*v - 46. Is t(-9) a prime number?
True
Suppose 5*u = 5*a + 125, -4*a = -2*u - 0*a + 52. Suppose -u*p + 40*p - 31088 = 0. Is p prime?
False
Let v(s) = 117*s**3 - 4*s**2 + 3. Let t = -160 + 249. Let o = t + -87. Is v(o) composite?
True
Suppose 5*w + 28*m = 24*m - 118, 0 = 2*w - m + 55. Is (-1209915)/(-455) - (-4)/w a prime number?
True
Let t(h) be the second derivative of 5*h**4/6 + 19*h**3/6 - h**2/2 + 2*h. Let o be t(-5). Suppose 2*k - 273 = -5*v, -k - 3*v + 4*v = -o. Is k a prime number?
True
Let n = 86077 + -44946. Is n a prime number?
True
Let a = -39 + 50. Suppose j = a*j - 50. Suppose 2*s = u - 305, j*u + 4*s = -0*s + 1539. Is u prime?
True
Let p = -10698 + 23229. Is p a composite number?
True
Suppose 1293790 = 12*o - 2*o. Is o composite?
False
Let x = -302327 + 647356. Is x a prime number?
False
Suppose 52604 = 17*w - 98135. Let s = -5272 + w. Is s prime?
False
Suppose -112 = -2*a - 2*d - 30, 2*a + 5*d = 79. Suppose a*n = 40*n + 12262. Is n a composite number?
False
Suppose 0 = -4*i - 4*l + 365673 + 141071, 0 = l - 3. Is i composite?
False
Let w be 4 - (2 + -1 + -3). Suppose 3 = w*a - 9. Suppose -5*u = -3*h + 725, a*h - 5*u - 153 - 337 = 0. Is h composite?
True
Suppose -6*p = 26*p + 384. Is ((-1784)/p)/(-5 - 197/(-39)) composite?
True
Let s(b) = 205*b + 184. Let d be (2/5 - (-16)/4)*5. Is s(d) a composite number?
True
Suppose 0 = -4*h + 6 - 2. Suppose 0 = -4*f - 3*l + 2, 5*f + 3*l = 2 - h. Is (-19)/(3 + f/7 + -3) a composite number?
True
Let m = 344470 + -113511. Is m a composite number?
False
Suppose 4*j + 5*g - 479552 = 0, -40*g - 119881 = -j - 43*g. Is j a composite number?
True
Let r(c) = -c**2 - 4*c - 5. Let b be r(-2). Is ((-17626)/(-14))/((-1)/b) prime?
True
Let v(n) = 3*n - 10. Let b be v(3). Let k be b*(1 - 6) - (16 - 15). Suppose -k*a + 736 = -1036. Is a composite?
False
Let c = 22958 + 15473. Is c composite?
False
Let q = 212528 + 301823. Is q a prime number?
False
Let x be 3/(9/3) + 2646. Let a = 307 + 339. Suppose 0 = -3*r - a + x. Is r a composite number?
True
Let v(a) = a**2 + a. Let y(p) = 2*p**2 + 1. Let j(r) = -v(r) + y(r). Let l be j(2). Suppose l*o - z = 2*z + 4914, 0 = -3*o - 5*z + 4954. Is o a prime number?
False
Suppose -s + k - 486 = 202, -20 = 5*k. Is (-12)/(-8)*4/(-6) - s a prime number?
True
Let d(i) = -i + 6. Let j be d(3). Suppose -3*y + 90 = j*b, 3*b = 2*b + 5*y + 42. Is 316/3 - (b/(-12))/4 a prime number?
False
Let l = 77 - 92. Is (-81725)/l + 6/9 composite?
False
Suppose 0 = 5*b - 0*b + 20. Let m be -1 - (0/(-4) + b). Is 1212/m - (3 + 1 + -7) composite?
True
Is ((-9)/((-54)/(-7251)))/((-5)/530) prime?
False
Suppose -r + 85914 = 5*f, -2*r + 171793 = 323*f - 320*f. Is r composite?
False
Suppose 8*l = 23*l - 1162155. Suppose l = 7*j - 113294. Is j a composite number?
False
Let z = -19010 - -25779. Is z a composite number?
True
Suppose 0 = 4*v + 9*v - 130. Suppose -4*r = 3*o + 2*o + v, 3*o + 38 = 4*r. Is -3*1*1498/o a composite number?
True
Let z be 0*(0 - 4)/(-4). Suppose 4*o - 24 = -2*b - z*b, -3*o = b - 20. Suppose 0 = o*d - 13710 + 3494. Is d a prime number?
True
Let f = -2123 + 33. Let q = 3727 + f. Is q composite?
False
Suppose 0 = -98*j + 7*j + 5666025 + 1041676. Is j prime?
False
Let m(n) = -248*n + 6. Let q be (-8)/3 - 100/(-60). Is m(q) a prime number?
False
Let l(w) = -425 + 11*w + 208 + 202. Let x = 24 + -17. Is l(x) a composite number?
True
Let h be (-11)/(-5)*3 + (-6)/(-15). Is -3*(h + -6) + 470 composite?
False
Let x = 976 - 964. Suppose 0 = -3*g - 2 - 1. Is 2/((g/(-2))/(357/x)) a composite number?
True
Let z = 198046 + 682677. Is z composite?
False
Let g be 72428 + (-3)/(4*9/(-24)). Suppose 0 = 5*q - t + 6288 - g, t - 3 = 0. Is q composite?
False
Let b(i) = 7*i**3 - 10*i**2 + 14*i - 24. Let y be b(12). Suppose r = -s + y, s - r - 21597 = -s. Is s composite?
False
Let v(z) = -z**3 + 18*z**2 - 24*z + 121. Let c be v(17). Suppose 195 + 71 = c*m. Is m a composite number?
True
Let w be 14 - (10 + -9) - -5. Is w*(1045 - 12) - 1*5 prime?
False
Suppose 8*x = 3*l + 9*x - 16083, 0 = -3*l - 5*x + 16071. Let u = l - -4416. Is u a prime number?
False
Let p be (8551/34)/(2/12). Suppose -13*t + 17200 - p = 0. Is t prime?
False
Let d = -546 - -550. Suppose -5380 = -8*q + 4*q - d*g, -q + g + 1345 = 0. Is q composite?
True
Let c be 3/2 - (834/12)/(-1). Suppose -11*d = 5 - c. Suppose 20*i - 44282 = d*i. Is i prime?
True
Is (-6813884)/(-168) + (-3)/(-18) a prime number?
True
Let k(w) = -w**3 + 18*w**2 - 16*w - 11. Let v be k(17). Let z(u) = u**2 - 5*u - 6. Let j be z(v). Suppose j = 5*s - 203 - 822. Is s prime?
False
Suppose 4*t - 522372 = -4*o, -5*t + 487044 = o - 165905. Is t a prime number?
True
Suppose 6 = 3*v, 2*f - 2*v - 115668 = -7*v. Is f composite?
False
Let m(a) = 525*a**2 - 33*a + 157. Let z be 1 + (-30)/(-24)*4. Is m(z) composite?
False
Suppose -2*v + 1835474 = 4*s, 285*v = 283*v + s + 1835489. Is v a prime number?
False
Suppose 1929 = -2*v + 5*b, v + 0*b + 3*b + 948 = 0. Let l(m) = -7*m**2 + 6*m + 47. Let u be l(-19). Let n = v - u. Is n a prime number?
True
Let d(z) = 40*z - 21. Let g(o) = 8*o + 70. Let h be g(-8). Let f be -1*(4 + h)/((-2)/2). Is d(f) composite?
False
Let b(m) = -7*m**3 - 11*m**2 - 5*m + 14. Let q be b(-5). Suppose -5*v = -n - q - 167066, -2*n = 3*v - 100623. Is v prime?
False
Is (-2)/(932740/(-155455) - -6) composite?
False
Suppose 13*s - 1072977 = 1082105 + 388017. Is s composite?
True
Let m be (-2)/4*((-40)/4)/1. Let o be ((-40)/m)/(-2) + 1. Suppose -2*v = 2*r - 200, 4*r - 303 = -8*v + o*v. Is v composite?
False
Let p be (-54)/(-42) + -1 + 2/(-7). Suppose 3*y - h - 8 = p, 2*y = 4*h - 3 + 5. Suppose y*l = -3, 3*z - l = 5*z - 1293. Is z a prime number?
True
Suppose -75*d + 5195262 = -19*d + 589990. Is d composite?
False
Let h(u) be the third derivative of u**4/24 - 17*u**3/6 - 27*u**2. Let f be h(25). Suppose 0 = -6*a + f*a - 1886. Is a a composite number?
True
Let v be 22/2 - (-4 - -5)/(-1). Suppose -v*m + 9*m = -15. Suppose 2*w - m*d = 2307, -3*d = -w + d + 1161. Is w prime?
False
Let w(z) = z**3 + 13*z**2 - 3*z - 18. Let t be w(-13). Suppose 18*n - t*n = -12. Is 382 + -5 + n + -2 prime?
True
Let x(b) = 17*b**3 + 3*b**2 + 8*b - 7. Let l(m) = 2*m**3 - 2*m**2 + m - 2. Let k be l(2). Is x(k) prime?
False
Let t(w) = -2*w**3 + 6*w + 10847. Is t(0) a composite number?
False
Suppose 4*s = 13*s - 182592. Let o = 34117 - s. Is o a composite number?
False
Let m(k) be the third derivative of k**6/360 + k**5/60 - 11*k**4/24 + 2*k**3/3 + 7*k**2. Let w(l) be the first derivative of m(l). Is w(-8) composite?
False
Suppose 2*m = -73*t + 74*t + 1, -3*m - 4*t + 7 = 0. Let o(x) = 53*x - 5 - x + 6. Is o(m) a composite number?
False
Let n(v) = -6406*v**3 + 3*v**2 + 3*v + 11. Is n(-2) prime?
False
Let k = -86 - -90. Let i be 3 - 0 - ((2 - k) + 0). Suppose 25253 = i*h + 2*s, 4*h - 2627 = s + 17578. Is h a prime number?
True
Suppose -4*a + 4*f + 0*f = -19756, -2*a + 5*f = -9878. Let k = -2030 + a. Is k a composite number?
False
Let d = -975436 - -1751994. Suppose -29*y + 121949 = -d. Is y composite?
False
Let n be (-5519)/(77/(-21) + 4). Is (n/5)/(219/(-365)) composite?
False
Let r(q) = -q**2 - 12*q - 13. Let m be r(-4). Suppose 15 = -0*i - 3*i, 3*i = g - m. Suppose g*n = 5*n - 2203. Is n composite?
False
Suppose -5*u - 34202 - 9213 = -5*l, 2*l = 5*u + 17348. Is l composite?
False
Suppose -2*r = -x - 299039, -x = -3*r + 516831 - 68273. Is r composite?
False
Let p = -53359 + 96653. Is p composite?
True
Suppose 599035 = 5*z + 3*f, 5*z - 2*f + 105584 = 704619. Is z a composite number?
True
Let k be (2 - 3)*(-13)/((-39)/(-18)). Suppose 7*n - 2482 = k*n - 3*z, -3*z = 4*n - 9955. Is n